[INFO] cloning repository https://github.com/jacklund/aws-instance
[INFO] running `Command { std: "git" "-c" "credential.helper=" "-c" "credential.helper=/workspace/cargo-home/bin/git-credential-null" "clone" "--bare" "https://github.com/jacklund/aws-instance" "/workspace/cache/git-repos/https%3A%2F%2Fgithub.com%2Fjacklund%2Faws-instance", kill_on_drop: false }`
[INFO] [stderr] Cloning into bare repository '/workspace/cache/git-repos/https%3A%2F%2Fgithub.com%2Fjacklund%2Faws-instance'...
[INFO] running `Command { std: "git" "rev-parse" "HEAD", kill_on_drop: false }`
[INFO] [stdout] 3c0b7de73e4a81d443acaf69fb8d96db9a8f2ba0
[INFO] checking jacklund/aws-instance against master#af3c6e733a40e671550e0f0f5aeecaa13772ba56 for pr-74989
[INFO] running `Command { std: "git" "clone" "/workspace/cache/git-repos/https%3A%2F%2Fgithub.com%2Fjacklund%2Faws-instance" "/workspace/builds/worker-6/source", kill_on_drop: false }`
[INFO] [stderr] Cloning into '/workspace/builds/worker-6/source'...
[INFO] [stderr] done.
[INFO] validating manifest of git repo https://github.com/jacklund/aws-instance on toolchain af3c6e733a40e671550e0f0f5aeecaa13772ba56
[INFO] running `Command { std: "/workspace/cargo-home/bin/cargo" "+af3c6e733a40e671550e0f0f5aeecaa13772ba56" "read-manifest" "--manifest-path" "Cargo.toml", kill_on_drop: false }`
[INFO] started tweaking git repo https://github.com/jacklund/aws-instance
[INFO] finished tweaking git repo https://github.com/jacklund/aws-instance
[INFO] tweaked toml for git repo https://github.com/jacklund/aws-instance written to /workspace/builds/worker-6/source/Cargo.toml
[INFO] running `Command { std: "/workspace/cargo-home/bin/cargo" "+af3c6e733a40e671550e0f0f5aeecaa13772ba56" "generate-lockfile" "--manifest-path" "Cargo.toml" "-Zno-index-update", kill_on_drop: false }`
[INFO] running `Command { std: "/workspace/cargo-home/bin/cargo" "+af3c6e733a40e671550e0f0f5aeecaa13772ba56" "fetch" "--locked" "--manifest-path" "Cargo.toml", kill_on_drop: false }`
[INFO] running `Command { std: "docker" "create" "-v" "/var/lib/crater-agent-workspace/builds/worker-6/target:/opt/rustwide/target:rw,Z" "-v" "/var/lib/crater-agent-workspace/builds/worker-6/source:/opt/rustwide/workdir:ro,Z" "-v" "/var/lib/crater-agent-workspace/cargo-home:/opt/rustwide/cargo-home:ro,Z" "-v" "/var/lib/crater-agent-workspace/rustup-home:/opt/rustwide/rustup-home:ro,Z" "-e" "SOURCE_DIR=/opt/rustwide/workdir" "-e" "CARGO_TARGET_DIR=/opt/rustwide/target" "-e" "CARGO_HOME=/opt/rustwide/cargo-home" "-e" "RUSTUP_HOME=/opt/rustwide/rustup-home" "-w" "/opt/rustwide/workdir" "-m" "1610612736" "--user" "0:0" "--network" "none" "rustops/crates-build-env@sha256:d92eaeed33fa75130ca1ee6c8a01d1ffb62bac859dfdfb3450e3e5d1c0146529" "/opt/rustwide/cargo-home/bin/cargo" "+af3c6e733a40e671550e0f0f5aeecaa13772ba56" "metadata" "--no-deps" "--format-version=1", kill_on_drop: false }`
[INFO] [stderr] WARNING: Your kernel does not support swap limit capabilities or the cgroup is not mounted. Memory limited without swap.
[INFO] [stdout] b49a61c9e82e0eaa2770bc569df5e9fdcff499a3786927d589c1f438b2c4639e
[INFO] running `Command { std: "docker" "start" "-a" "b49a61c9e82e0eaa2770bc569df5e9fdcff499a3786927d589c1f438b2c4639e", kill_on_drop: false }`
[INFO] running `Command { std: "docker" "inspect" "b49a61c9e82e0eaa2770bc569df5e9fdcff499a3786927d589c1f438b2c4639e", kill_on_drop: false }`
[INFO] running `Command { std: "docker" "rm" "-f" "b49a61c9e82e0eaa2770bc569df5e9fdcff499a3786927d589c1f438b2c4639e", kill_on_drop: false }`
[INFO] [stdout] b49a61c9e82e0eaa2770bc569df5e9fdcff499a3786927d589c1f438b2c4639e
[INFO] running `Command { std: "docker" "create" "-v" "/var/lib/crater-agent-workspace/builds/worker-6/target:/opt/rustwide/target:rw,Z" "-v" "/var/lib/crater-agent-workspace/builds/worker-6/source:/opt/rustwide/workdir:ro,Z" "-v" "/var/lib/crater-agent-workspace/cargo-home:/opt/rustwide/cargo-home:ro,Z" "-v" "/var/lib/crater-agent-workspace/rustup-home:/opt/rustwide/rustup-home:ro,Z" "-e" "SOURCE_DIR=/opt/rustwide/workdir" "-e" "CARGO_TARGET_DIR=/opt/rustwide/target" "-e" "CARGO_INCREMENTAL=0" "-e" "RUST_BACKTRACE=full" "-e" "RUSTFLAGS=--cap-lints=forbid" "-e" "CARGO_HOME=/opt/rustwide/cargo-home" "-e" "RUSTUP_HOME=/opt/rustwide/rustup-home" "-w" "/opt/rustwide/workdir" "-m" "1610612736" "--user" "0:0" "--network" "none" "rustops/crates-build-env@sha256:d92eaeed33fa75130ca1ee6c8a01d1ffb62bac859dfdfb3450e3e5d1c0146529" "/opt/rustwide/cargo-home/bin/cargo" "+af3c6e733a40e671550e0f0f5aeecaa13772ba56" "check" "--frozen" "--all" "--all-targets" "--message-format=json", kill_on_drop: false }`
[INFO] [stdout] 3684d2b862babbb3598d6738e2be5e239a4ffd41b89669b9e2bc6a254d2e9345
[INFO] [stderr] WARNING: Your kernel does not support swap limit capabilities or the cgroup is not mounted. Memory limited without swap.
[INFO] running `Command { std: "docker" "start" "-a" "3684d2b862babbb3598d6738e2be5e239a4ffd41b89669b9e2bc6a254d2e9345", kill_on_drop: false }`
[INFO] [stderr]     Checking cfg-if v0.1.10
[INFO] [stderr]    Compiling byteorder v1.3.4
[INFO] [stderr]    Compiling semver-parser v0.7.0
[INFO] [stderr]     Checking either v1.6.0
[INFO] [stderr]     Checking slab v0.4.2
[INFO] [stderr]     Checking scopeguard v1.1.0
[INFO] [stderr]     Checking fnv v1.0.7
[INFO] [stderr]     Checking itoa v0.4.6
[INFO] [stderr]    Compiling serde v1.0.116
[INFO] [stderr]     Checking hashbrown v0.9.0
[INFO] [stderr]    Compiling unicode-xid v0.2.1
[INFO] [stderr]    Compiling unicode-xid v0.1.0
[INFO] [stderr]     Checking try-lock v0.2.3
[INFO] [stderr]    Compiling openssl v0.10.30
[INFO] [stderr]     Checking tinyvec v0.3.4
[INFO] [stderr]     Checking arc-swap v0.4.7
[INFO] [stderr]    Compiling syn v0.15.44
[INFO] [stderr]     Checking matches v0.1.8
[INFO] [stderr]    Compiling syn v1.0.41
[INFO] [stderr]    Compiling serde_derive v1.0.116
[INFO] [stderr]     Checking gimli v0.22.0
[INFO] [stderr]     Checking regex-syntax v0.6.18
[INFO] [stderr]    Compiling native-tls v0.2.4
[INFO] [stderr]     Checking percent-encoding v1.0.1
[INFO] [stderr]     Checking arrayref v0.3.6
[INFO] [stderr]     Checking byte-tools v0.2.0
[INFO] [stderr]     Checking constant_time_eq v0.1.5
[INFO] [stderr]     Checking fake-simd v0.1.2
[INFO] [stderr]     Checking shlex v0.1.1
[INFO] [stderr]    Compiling unicode-segmentation v1.6.0
[INFO] [stderr]    Compiling doc-comment v0.3.3
[INFO] [stderr]     Checking md5 v0.3.8
[INFO] [stderr]     Checking hex v0.3.2
[INFO] [stderr]     Checking quick-error v1.2.3
[INFO] [stderr]     Checking xml-rs v0.8.3
[INFO] [stderr]     Checking termcolor v1.1.0
[INFO] [stderr]    Compiling crossbeam-utils v0.7.2
[INFO] [stderr]    Compiling memoffset v0.5.5
[INFO] [stderr]    Compiling crossbeam-epoch v0.8.2
[INFO] [stderr]    Compiling indexmap v1.6.0
[INFO] [stderr]    Compiling num-traits v0.2.12
[INFO] [stderr]    Compiling num-integer v0.1.43
[INFO] [stderr]     Checking thread_local v1.0.1
[INFO] [stderr]    Compiling openssl-sys v0.9.58
[INFO] [stderr]    Compiling proc-macro2 v1.0.21
[INFO] [stderr]     Checking crossbeam-utils v0.6.6
[INFO] [stderr]     Checking lock_api v0.3.4
[INFO] [stderr]     Checking tokio-sync v0.1.8
[INFO] [stderr]     Checking unicode-bidi v0.3.4
[INFO] [stderr]    Compiling semver v0.9.0
[INFO] [stderr]     Checking block-buffer v0.3.3
[INFO] [stderr]     Checking unicode-normalization v0.1.13
[INFO] [stderr]     Checking humantime v1.3.0
[INFO] [stderr]    Compiling miniz_oxide v0.4.2
[INFO] [stderr]     Checking log v0.4.11
[INFO] [stderr]    Compiling proc-macro2 v0.4.30
[INFO] [stderr]     Checking memchr v2.3.3
[INFO] [stderr]    Compiling heck v0.3.1
[INFO] [stderr]     Checking iovec v0.1.4
[INFO] [stderr]     Checking net2 v0.2.35
[INFO] [stderr]     Checking signal-hook-registry v1.2.1
[INFO] [stderr]     Checking dirs v1.0.5
[INFO] [stderr]     Checking dirs-sys v0.3.5
[INFO] [stderr]     Checking xml-rs v0.7.0
[INFO] [stderr]    Compiling rustc_version v0.2.3
[INFO] [stderr]     Checking generic-array v0.9.0
[INFO] [stderr]     Checking crossbeam-queue v0.1.2
[INFO] [stderr]     Checking futures-cpupool v0.1.8
[INFO] [stderr]     Checking want v0.2.0
[INFO] [stderr]     Checking clap v2.33.3
[INFO] [stderr]     Checking dirs v2.0.2
[INFO] [stderr]     Checking aho-corasick v0.7.13
[INFO] [stderr]     Checking mio v0.6.22
[INFO] [stderr]    Compiling quote v0.6.13
[INFO] [stderr]    Compiling quote v1.0.7
[INFO] [stderr]     Checking digest v0.7.6
[INFO] [stderr]     Checking crypto-mac v0.5.2
[INFO] [stderr]     Checking bytes v0.4.12
[INFO] [stderr]     Checking base64 v0.9.3
[INFO] [stderr]     Checking tokio-executor v0.1.10
[INFO] [stderr]     Checking crossbeam-queue v0.2.3
[INFO] [stderr]     Checking idna v0.1.5
[INFO] [stderr]    Compiling parking_lot_core v0.6.2
[INFO] [stderr]    Compiling parking_lot v0.9.0
[INFO] [stderr]    Compiling hyper v0.12.35
[INFO] [stderr]    Compiling rusoto_core v0.40.0
[INFO] [stderr]     Checking sha2 v0.7.1
[INFO] [stderr]     Checking hmac v0.5.0
[INFO] [stderr]     Checking tokio-current-thread v0.1.7
[INFO] [stderr]     Checking tokio-timer v0.2.13
[INFO] [stderr]     Checking crossbeam-deque v0.7.3
[INFO] [stderr]     Checking tokio-io v0.1.13
[INFO] [stderr]     Checking http v0.1.21
[INFO] [stderr]     Checking string v0.2.1
[INFO] [stderr]     Checking tokio-buf v0.1.1
[INFO] [stderr]     Checking mio-uds v0.6.8
[INFO] [stderr]     Checking tokio-threadpool v0.1.18
[INFO] [stderr]     Checking url v1.7.2
[INFO] [stderr]     Checking regex v1.3.9
[INFO] [stderr]     Checking tokio-codec v0.1.2
[INFO] [stderr]     Checking tokio-reactor v0.1.12
[INFO] [stderr]     Checking addr2line v0.13.0
[INFO] [stderr]     Checking tokio-fs v0.1.7
[INFO] [stderr]     Checking backtrace v0.3.50
[INFO] [stderr]     Checking tokio-udp v0.1.6
[INFO] [stderr]     Checking tokio-uds v0.2.7
[INFO] [stderr]     Checking tokio-tcp v0.1.4
[INFO] [stderr]     Checking tokio-signal v0.2.9
[INFO] [stderr]     Checking tokio-process v0.2.5
[INFO] [stderr]     Checking error-chain v0.10.0
[INFO] [stderr]     Checking tokio v0.1.22
[INFO] [stderr]     Checking env_logger v0.6.2
[INFO] [stderr]     Checking http-body v0.1.0
[INFO] [stderr]     Checking h2 v0.1.26
[INFO] [stderr]     Checking chrono v0.4.15
[INFO] [stderr]     Checking serde_json v1.0.57
[INFO] [stderr]     Checking serde_urlencoded v0.5.5
[INFO] [stderr]     Checking serde-xml-rs v0.3.1
[INFO] [stderr]    Compiling snafu-derive v0.4.4
[INFO] [stderr]    Compiling structopt-derive v0.2.18
[INFO] [stderr]     Checking structopt v0.2.18
[INFO] [stderr]     Checking hyper-tls v0.3.2
[INFO] [stderr]     Checking snafu v0.4.4
[INFO] [stderr]     Checking rusoto_credential v0.40.0
[INFO] [stderr]     Checking rusoto_ec2 v0.40.0
[INFO] [stderr]     Checking aws-instance v0.1.0 (/opt/rustwide/workdir)
[INFO] [stdout] warning: trait objects without an explicit `dyn` are deprecated
[INFO] [stdout]    --> src/ec2_wrapper.rs:138:9
[INFO] [stdout]     |
[INFO] [stdout] 138 |         Fn(DescribeImagesRequest) -> Result<DescribeImagesResult, DescribeImagesError>;
[INFO] [stdout]     |         ^^^^^^^^^^^^^^^^^^^^^^^^^^^^^^^^^^^^^^^^^^^^^^^^^^^^^^^^^^^^^^^^^^^^^^^^^^^^^^ help: use `dyn`: `dyn Fn(DescribeImagesRequest) -> Result<DescribeImagesResult, DescribeImagesError>`
[INFO] [stdout]     |
[INFO] [stdout]     = note: `#[warn(bare_trait_objects)]` on by default
[INFO] [stdout] 
[INFO] [stdout] 
[INFO] [stdout] warning: trait objects without an explicit `dyn` are deprecated
[INFO] [stdout]    --> src/ec2_wrapper.rs:140:9
[INFO] [stdout]     |
[INFO] [stdout] 140 |         Fn(DescribeInstancesRequest) -> Result<DescribeInstancesResult, DescribeInstancesError>;
[INFO] [stdout]     |         ^^^^^^^^^^^^^^^^^^^^^^^^^^^^^^^^^^^^^^^^^^^^^^^^^^^^^^^^^^^^^^^^^^^^^^^^^^^^^^^^^^^^^^^ help: use `dyn`: `dyn Fn(DescribeInstancesRequest) -> Result<DescribeInstancesResult, DescribeInstancesError>`
[INFO] [stdout] 
[INFO] [stdout] 
[INFO] [stdout] warning: trait objects without an explicit `dyn` are deprecated
[INFO] [stdout]    --> src/ec2_wrapper.rs:141:31
[INFO] [stdout]     |
[INFO] [stdout] 141 |     type RunInstancesLambda = Fn(RunInstancesRequest) -> Result<Reservation, RunInstancesError>;
[INFO] [stdout]     |                               ^^^^^^^^^^^^^^^^^^^^^^^^^^^^^^^^^^^^^^^^^^^^^^^^^^^^^^^^^^^^^^^^^ help: use `dyn`: `dyn Fn(RunInstancesRequest) -> Result<Reservation, RunInstancesError>`
[INFO] [stdout] 
[INFO] [stdout] 
[INFO] [stdout] warning: trait objects without an explicit `dyn` are deprecated
[INFO] [stdout]    --> src/ec2_wrapper.rs:143:9
[INFO] [stdout]     |
[INFO] [stdout] 143 |         Fn(StartInstancesRequest) -> Result<StartInstancesResult, StartInstancesError>;
[INFO] [stdout]     |         ^^^^^^^^^^^^^^^^^^^^^^^^^^^^^^^^^^^^^^^^^^^^^^^^^^^^^^^^^^^^^^^^^^^^^^^^^^^^^^ help: use `dyn`: `dyn Fn(StartInstancesRequest) -> Result<StartInstancesResult, StartInstancesError>`
[INFO] [stdout] 
[INFO] [stdout] 
[INFO] [stdout] warning: trait objects without an explicit `dyn` are deprecated
[INFO] [stdout]    --> src/ec2_wrapper.rs:145:9
[INFO] [stdout]     |
[INFO] [stdout] 145 |         Fn(StopInstancesRequest) -> Result<StopInstancesResult, StopInstancesError>;
[INFO] [stdout]     |         ^^^^^^^^^^^^^^^^^^^^^^^^^^^^^^^^^^^^^^^^^^^^^^^^^^^^^^^^^^^^^^^^^^^^^^^^^^^ help: use `dyn`: `dyn Fn(StopInstancesRequest) -> Result<StopInstancesResult, StopInstancesError>`
[INFO] [stdout] 
[INFO] [stdout] 
[INFO] [stdout] warning: trait objects without an explicit `dyn` are deprecated
[INFO] [stdout]    --> src/ec2_wrapper.rs:147:9
[INFO] [stdout]     |
[INFO] [stdout] 147 |         Fn(TerminateInstancesRequest) -> Result<TerminateInstancesResult, TerminateInstancesError>;
[INFO] [stdout]     |         ^^^^^^^^^^^^^^^^^^^^^^^^^^^^^^^^^^^^^^^^^^^^^^^^^^^^^^^^^^^^^^^^^^^^^^^^^^^^^^^^^^^^^^^^^^ help: use `dyn`: `dyn Fn(TerminateInstancesRequest) -> Result<TerminateInstancesResult, TerminateInstancesError>`
[INFO] [stdout] 
[INFO] [stdout] 
[INFO] [stdout] error[E0053]: method `describe_images` has an incompatible type for trait
[INFO] [stdout]    --> src/ec2_wrapper.rs:189:14
[INFO] [stdout]     |
[INFO] [stdout] 23  |     ) -> Result<DescribeImagesResult, RusotoError<DescribeImagesError>>;
[INFO] [stdout]     |          -------------------------------------------------------------- type in trait
[INFO] [stdout] ...
[INFO] [stdout] 189 |         ) -> Result<DescribeImagesResult, DescribeImagesError> {
[INFO] [stdout]     |              ^^^^^^^^^^^^^^^^^^^^^^^^^^^^^^^^^^^^^^^^^^^^^^^^^ expected enum `RusotoError`, found enum `rusoto_ec2::DescribeImagesError`
[INFO] [stdout]     |
[INFO] [stdout]     = note: expected fn pointer `fn(&MockEc2Wrapper<'a>, DescribeImagesRequest) -> std::result::Result<_, RusotoError<rusoto_ec2::DescribeImagesError>>`
[INFO] [stdout]                found fn pointer `fn(&MockEc2Wrapper<'a>, DescribeImagesRequest) -> std::result::Result<_, rusoto_ec2::DescribeImagesError>`
[INFO] [stdout] 
[INFO] [stdout] 
[INFO] [stdout] error[E0053]: method `describe_instances` has an incompatible type for trait
[INFO] [stdout]    --> src/ec2_wrapper.rs:196:14
[INFO] [stdout]     |
[INFO] [stdout] 27  |     ) -> Result<DescribeInstancesResult, RusotoError<DescribeInstancesError>>;
[INFO] [stdout]     |          -------------------------------------------------------------------- type in trait
[INFO] [stdout] ...
[INFO] [stdout] 196 |         ) -> Result<DescribeInstancesResult, DescribeInstancesError> {
[INFO] [stdout]     |              ^^^^^^^^^^^^^^^^^^^^^^^^^^^^^^^^^^^^^^^^^^^^^^^^^^^^^^^ expected enum `RusotoError`, found enum `rusoto_ec2::DescribeInstancesError`
[INFO] [stdout]     |
[INFO] [stdout]     = note: expected fn pointer `fn(&MockEc2Wrapper<'a>, DescribeInstancesRequest) -> std::result::Result<_, RusotoError<rusoto_ec2::DescribeInstancesError>>`
[INFO] [stdout]                found fn pointer `fn(&MockEc2Wrapper<'a>, DescribeInstancesRequest) -> std::result::Result<_, rusoto_ec2::DescribeInstancesError>`
[INFO] [stdout] 
[INFO] [stdout] 
[INFO] [stdout] error[E0053]: method `run_instances` has an incompatible type for trait
[INFO] [stdout]    --> src/ec2_wrapper.rs:203:14
[INFO] [stdout]     |
[INFO] [stdout] 31  |     ) -> Result<Reservation, RusotoError<RunInstancesError>>;
[INFO] [stdout]     |          --------------------------------------------------- type in trait
[INFO] [stdout] ...
[INFO] [stdout] 203 |         ) -> Result<Reservation, RunInstancesError> {
[INFO] [stdout]     |              ^^^^^^^^^^^^^^^^^^^^^^^^^^^^^^^^^^^^^^ expected enum `RusotoError`, found enum `RunInstancesError`
[INFO] [stdout]     |
[INFO] [stdout]     = note: expected fn pointer `fn(&MockEc2Wrapper<'a>, RunInstancesRequest) -> std::result::Result<_, RusotoError<RunInstancesError>>`
[INFO] [stdout]                found fn pointer `fn(&MockEc2Wrapper<'a>, RunInstancesRequest) -> std::result::Result<_, RunInstancesError>`
[INFO] [stdout] 
[INFO] [stdout] 
[INFO] [stdout] error[E0053]: method `start_instances` has an incompatible type for trait
[INFO] [stdout]    --> src/ec2_wrapper.rs:210:14
[INFO] [stdout]     |
[INFO] [stdout] 35  |     ) -> Result<StartInstancesResult, RusotoError<StartInstancesError>>;
[INFO] [stdout]     |          -------------------------------------------------------------- type in trait
[INFO] [stdout] ...
[INFO] [stdout] 210 |         ) -> Result<StartInstancesResult, StartInstancesError> {
[INFO] [stdout]     |              ^^^^^^^^^^^^^^^^^^^^^^^^^^^^^^^^^^^^^^^^^^^^^^^^^ expected enum `RusotoError`, found enum `StartInstancesError`
[INFO] [stdout]     |
[INFO] [stdout]     = note: expected fn pointer `fn(&MockEc2Wrapper<'a>, StartInstancesRequest) -> std::result::Result<_, RusotoError<StartInstancesError>>`
[INFO] [stdout]                found fn pointer `fn(&MockEc2Wrapper<'a>, StartInstancesRequest) -> std::result::Result<_, StartInstancesError>`
[INFO] [stdout] 
[INFO] [stdout] 
[INFO] [stdout] error[E0053]: method `stop_instances` has an incompatible type for trait
[INFO] [stdout]    --> src/ec2_wrapper.rs:217:14
[INFO] [stdout]     |
[INFO] [stdout] 39  |     ) -> Result<StopInstancesResult, RusotoError<StopInstancesError>>;
[INFO] [stdout]     |          ------------------------------------------------------------ type in trait
[INFO] [stdout] ...
[INFO] [stdout] 217 |         ) -> Result<StopInstancesResult, StopInstancesError> {
[INFO] [stdout]     |              ^^^^^^^^^^^^^^^^^^^^^^^^^^^^^^^^^^^^^^^^^^^^^^^ expected enum `RusotoError`, found enum `StopInstancesError`
[INFO] [stdout]     |
[INFO] [stdout]     = note: expected fn pointer `fn(&MockEc2Wrapper<'a>, StopInstancesRequest) -> std::result::Result<_, RusotoError<StopInstancesError>>`
[INFO] [stdout]                found fn pointer `fn(&MockEc2Wrapper<'a>, StopInstancesRequest) -> std::result::Result<_, StopInstancesError>`
[INFO] [stdout] 
[INFO] [stdout] 
[INFO] [stdout] error[E0053]: method `terminate_instances` has an incompatible type for trait
[INFO] [stdout]    --> src/ec2_wrapper.rs:224:14
[INFO] [stdout]     |
[INFO] [stdout] 43  |     ) -> Result<TerminateInstancesResult, RusotoError<TerminateInstancesError>>;
[INFO] [stdout]     |          ---------------------------------------------------------------------- type in trait
[INFO] [stdout] ...
[INFO] [stdout] 224 |         ) -> Result<TerminateInstancesResult, TerminateInstancesError> {
[INFO] [stdout]     |              ^^^^^^^^^^^^^^^^^^^^^^^^^^^^^^^^^^^^^^^^^^^^^^^^^^^^^^^^^ expected enum `RusotoError`, found enum `TerminateInstancesError`
[INFO] [stdout]     |
[INFO] [stdout]     = note: expected fn pointer `fn(&MockEc2Wrapper<'a>, TerminateInstancesRequest) -> std::result::Result<_, RusotoError<TerminateInstancesError>>`
[INFO] [stdout]                found fn pointer `fn(&MockEc2Wrapper<'a>, TerminateInstancesRequest) -> std::result::Result<_, TerminateInstancesError>`
[INFO] [stdout] 
[INFO] [stdout] 
[INFO] [stdout] error[E0046]: not all trait items implemented, missing: `create_tags`
[INFO] [stdout]    --> src/ec2_wrapper.rs:185:5
[INFO] [stdout]     |
[INFO] [stdout] 19  |     fn create_tags(&self, input: CreateTagsRequest) -> Result<(), RusotoError<CreateTagsError>>;
[INFO] [stdout]     |     -------------------------------------------------------------------------------------------- `create_tags` from trait
[INFO] [stdout] ...
[INFO] [stdout] 185 |     impl<'a> Ec2Wrapper for MockEc2Wrapper<'a> {
[INFO] [stdout]     |     ^^^^^^^^^^^^^^^^^^^^^^^^^^^^^^^^^^^^^^^^^^ missing `create_tags` in implementation
[INFO] [stdout] 
[INFO] [stdout] 
[INFO] [stdout] warning: use of deprecated associated function `std::error::Error::description`: use the Display impl or to_string()
[INFO] [stdout]    --> src/error.rs:142:32
[INFO] [stdout]     |
[INFO] [stdout] 142 |                 message: inner.description().into(),
[INFO] [stdout]     |                                ^^^^^^^^^^^
[INFO] [stdout]     |
[INFO] [stdout]     = note: `#[warn(deprecated)]` on by default
[INFO] [stdout] 
[INFO] [stdout] 
[INFO] [stdout] warning: use of deprecated associated function `std::error::Error::description`: use the Display impl or to_string()
[INFO] [stdout]    --> src/error.rs:142:32
[INFO] [stdout]     |
[INFO] [stdout] 142 |                 message: inner.description().into(),
[INFO] [stdout]     |                                ^^^^^^^^^^^
[INFO] [stdout]     |
[INFO] [stdout]     = note: `#[warn(deprecated)]` on by default
[INFO] [stdout] 
[INFO] [stdout] 
[INFO] [stdout] error: aborting due to 7 previous errors; 7 warnings emitted
[INFO] [stdout] 
[INFO] [stdout] 
[INFO] [stderr] error: could not compile `aws-instance`.
[INFO] [stdout] Some errors have detailed explanations: E0046, E0053.
[INFO] [stdout] 
[INFO] [stderr] 
[INFO] [stdout] For more information about an error, try `rustc --explain E0046`.
[INFO] [stdout] 
[INFO] [stderr] To learn more, run the command again with --verbose.
[INFO] [stderr] warning: build failed, waiting for other jobs to finish...
[INFO] [stdout] warning: 1 warning emitted
[INFO] [stdout] 
[INFO] [stdout] 
[INFO] [stderr] error: build failed
[INFO] running `Command { std: "docker" "inspect" "3684d2b862babbb3598d6738e2be5e239a4ffd41b89669b9e2bc6a254d2e9345", kill_on_drop: false }`
[INFO] running `Command { std: "docker" "rm" "-f" "3684d2b862babbb3598d6738e2be5e239a4ffd41b89669b9e2bc6a254d2e9345", kill_on_drop: false }`
[INFO] [stdout] 3684d2b862babbb3598d6738e2be5e239a4ffd41b89669b9e2bc6a254d2e9345
